9.
3, 17, 1453
What are the prime factors of 2441635?
5, 7, 69761
What are the prime factors of 578566?
2, 289283
List the prime factors of 538434.
2, 3, 13, 59
What are the prime factors of 578364?
2, 3, 48197
List the prime factors of 35052.
2, 3, 23, 127
List the prime factors of 1237992.
2, 3, 7, 7369
List the prime factors of 878020.
2, 5, 11, 13, 307
List the prime factors of 1182386.
2, 591193
List the prime factors of 3740409.
3, 67, 6203
What are the prime factors of 17587586?
2, 109, 80677
List the prime factors of 1457115.
3, 5, 11, 8831
List the prime factors of 1720048.
2, 11, 29, 337
List the prime factors of 311207.
13, 37, 647
What are the prime factors of 1889120?
2, 5, 11807
What are the prime factors of 6682181?
11, 607471
List the prime factors of 9556439.
9556439
List the prime factors of 18872745.
3, 5, 1258183
List the prime factors of 31819.
47, 677
List the prime factors of 4636429.
7, 94621
List the prime factors of 1859961.
3, 619987
What are the prime factors of 318096?
2, 3, 47
List the prime factors of 2628856.
2, 61, 5387
List the prime factors of 22403217.
3, 97, 167, 461
List the prime factors of 10206310.
2, 5, 1020631
What are the prime factors of 6777611?
17, 398683
List the prime factors of 190134.
2, 3, 7, 503
List the prime factors of 4140004.
2, 11, 37, 2543
What are the prime factors of 134470?
2, 5, 7, 17, 113
What are the prime factors of 568575?
3, 5, 7, 19
List the prime factors of 971814.
2, 3, 161969
What are the prime factors of 1062049?
271, 3919
What are the prime factors of 248192?
2, 7, 277
List the prime factors of 182453.
182453
What are the prime factors of 567140?
2, 5, 7, 4051
What are the prime factors of 17360428?
2, 197, 22031
What are the prime factors of 65149?
7, 41, 227
List the prime factors of 16399.
23, 31
List the prime factors of 3700.
2, 5, 37
List the prime factors of 7557102.
2, 3, 7, 37, 1621
What are the prime factors of 922214?
2, 233, 1979
List the prime factors of 647723.
647723
What are the prime factors of 7799051?
13, 599927
List the prime factors of 6420959.
6420959
What are the prime factors of 2027919?
3, 675973
List the prime factors of 5544610.
2, 5, 23, 24107
List the prime factors of 326286.
2, 3, 18127
What are the prime factors of 855746?
2, 17, 25169
List the prime factors of 16378742.
2, 1931, 4241
What are the prime factors of 1042875?
3, 5, 103
List the prime factors of 11324384.
2, 29, 12203
What are the prime factors of 3539244?
2, 3, 19, 43
What are the prime factors of 6346684?
2, 19, 37, 61
What are the prime factors of 78096?
2, 3, 1627
What are the prime factors of 262363?
29, 83, 109
List the prime factors of 23620019.
23620019
List the prime factors of 26434297.
1123, 23539
List the prime factors of 30847631.
30847631
What are the prime factors of 4902599?
13, 377123
List the prime factors of 1457868.
2, 3, 31, 3919
What are the prime factors of 3699589?
61, 60649
What are the prime factors of 23501852?
2, 11, 71, 7523
What are the prime factors of 2532304?
2, 158269
List the prime factors of 1762011.
3, 29, 43, 157
List the prime factors of 14385874.
2, 61, 117917
List the prime factors of 50606.
2, 25303
List the prime factors of 18223366.
2, 7, 1301669
What are the prime factors of 2485120?
2, 5, 11, 353
What are the prime factors of 1034006?
2, 517003
List the prime factors of 11095210.
2, 5, 7, 31, 5113
List the prime factors of 55240.
2, 5, 1381
List the prime factors of 3535002.
2, 3, 21821
What are the prime factors of 1274214?
2, 3, 212369
What are the prime factors of 44594711?
7, 107, 59539
What are the prime factors of 1539280?
2, 5, 71, 271
List the prime factors of 8662357.
11, 41, 19207
List the prime factors of 9872791.
9872791
What are the prime factors of 915723?
3, 101747
What are the prime factors of 100837?
11, 89, 103
What are the prime factors of 981998?
2, 29, 16931
List the prime factors of 214170.
2, 3, 5, 11, 59
List the prime factors of 18681098.
2, 1439, 6491
List the prime factors of 13077707.
13077707
List the prime factors of 3183879.
3, 17, 163, 383
What are the prime factors of 246783?
3, 82261
What are the prime factors of 565150?
2, 5, 89, 127
List the prime factors of 9398274.
2, 3, 19, 4339
List the prime factors of 463860.
2, 3, 5, 859
What are the prime factors of 91922?
2, 19, 41, 59
List the prime factors of 191356.
2, 11, 4349
What are the prime factors of 193344?
2, 3, 19, 53
List the prime factors of 7900339.
23, 53, 6481
What are the prime factors of 10279630?
2, 5, 29, 35447
List the prime factors of 36647219.
7, 19, 275543
List the prime factors of 576388.
2, 103, 1399
What are the prime factors of 210662?
2, 105331
List the prime factors of 31387.
31387
List the prime factors of 58637.
191, 307
List the prime factors of 239494.
2, 119747
What are the prime factors of 9386721?
3, 857, 1217
What are the prime factors of 191151?
3, 67, 317
What are the prime factors of 2521179?
3, 93377
What are the prime factors of 268217?
61, 4397
What are the prime factors of 1136510?
2, 5, 29, 3919
List the prime factors of 6626243.
13, 17, 29983
List the prime factors of 426073.
426073
What are the prime factors of 3015708?
2, 3, 47, 5347
What are the prime factors of 3101990?
2, 5, 17, 71, 257
What are the prime factors of 2440944?
2, 3, 11, 23, 67
What are the prime factors of 22120533?
3, 29, 43, 73
List the prime factors of 4110672.
2, 3, 85639
List the prime factors of 1060618.
2, 13, 19, 113
What are the prime factors of 357219?
3, 19, 2089
List the prime factors of 1606407.
3, 11, 48679
What are the prime factors of 113184?
2, 3, 131
What are the prime factors of 1513612?
2, 17, 22259
List the prime factors of 345572.
2, 19, 4547
What are the prime factors of 15792429?
3, 5264143
List the prime factors of 23686933.
17, 613, 2273
List the prime factors of 539996.
2, 134999
What are the prime factors of 449966?
2, 11, 113, 181
What are the prime factors of 191957?
19, 10103
What are the prime factors of 134449?
7, 19207
What are the prime factors of 263318?
2, 11, 11969
What are the prime factors of 2577671?
2577671
List the prime factors of 161742.
2, 3, 7, 3851
List the prime factors of 490160.
2, 5, 11, 557
What are the prime factors of 2313295?
5, 462659
List the prime factors of 243159.
3, 7, 11579
What are the prime factors of 674036?
2, 11, 15319
List the prime factors of 1061672.
2, 132709
What are the prime factors of 91572?
2, 3, 13, 587
List the prime factors of 24940131.
3, 8313377
What are the prime factors of 213688?
2, 26711
What are the prime factors of 59930?
2, 5, 13, 461
List the prime factors of 5742366.
2, 3, 7, 47, 2909
List the prime factors of 319756.
2, 79939
List the prime factors of 3328575.
3, 5, 44381
List the prime factors of 8767593.
3, 974177
List the prime factors of 11619760.
2, 5, 337, 431
What are the prime factors of 7703093?
277, 27809
What are the prime factors of 7230851?
7230851
What are the prime factors of 1258744?
2, 23, 6841
List the prime factors of 714971.
714971
List the prime factors of 33376806.
2, 3, 19, 32531
List the prime factors of 15503.
37, 419
List the prime factors of 726368.
2, 22699
List the prime factors of 6542956.
2, 7, 53, 4409
List the prime factors of 21513720.
2, 3, 5, 179281
What are the prime factors of 2047035?
3, 5, 239, 571
List the prime factors of 1917127.
157, 12211
List the prime factors of 4027892.
2, 11, 31, 2953
What are the prime factors of 130866?
2, 3, 17, 1283
What are the prime factors of 12899078?
2, 509, 12671
What are the prime factors of 3864130?
2, 5, 386413
List the prime factors of 26362943.
29, 401, 2267
What are the prime factors of 1224644?
2, 211, 1451
What are the prime factors of 4731504?
2, 3, 98573
What are the prime factors of 2882722?
2, 1441361
List the prime factors of 302152.
2, 179, 211
List the prime factors of 368112.
2, 3, 7669
What are the prime factors of 721906?
2, 360953
What are the prime factors of 2698488?
2, 3, 13, 31
What are the prime factors of 24797445?
3, 5, 239, 6917
List the prime factors of 378433.
11, 34403
What are the prime factors of 11713123?
11713123
List the prime factors of 353156.
2, 88289
What are the prime factors of 11704269?
3, 47, 83009
What are the prime factors 